[INFO] cloning repository https://github.com/Tko1/Rustenstein3d
[INFO] running `Command { std: "git" "-c" "credential.helper=" "-c" "credential.helper=/workspace/cargo-home/bin/git-credential-null" "clone" "--bare" "https://github.com/Tko1/Rustenstein3d" "/workspace/cache/git-repos/https%3A%2F%2Fgithub.com%2FTko1%2FRustenstein3d", kill_on_drop: false }`
[INFO] [stderr] Cloning into bare repository '/workspace/cache/git-repos/https%3A%2F%2Fgithub.com%2FTko1%2FRustenstein3d'...
[INFO] running `Command { std: "git" "rev-parse" "HEAD", kill_on_drop: false }`
[INFO] [stdout] 92802e0807cd1c8142b8b70e037fbc7e27e292f9
[INFO] checking Tko1/Rustenstein3d against master#af3c6e733a40e671550e0f0f5aeecaa13772ba56 for pr-74989
[INFO] running `Command { std: "git" "clone" "/workspace/cache/git-repos/https%3A%2F%2Fgithub.com%2FTko1%2FRustenstein3d" "/workspace/builds/worker-3/source", kill_on_drop: false }`
[INFO] [stderr] Cloning into '/workspace/builds/worker-3/source'...
[INFO] [stderr] done.
[INFO] validating manifest of git repo https://github.com/Tko1/Rustenstein3d on toolchain af3c6e733a40e671550e0f0f5aeecaa13772ba56
[INFO] running `Command { std: "/workspace/cargo-home/bin/cargo" "+af3c6e733a40e671550e0f0f5aeecaa13772ba56" "read-manifest" "--manifest-path" "Cargo.toml", kill_on_drop: false }`
[INFO] started tweaking git repo https://github.com/Tko1/Rustenstein3d
[INFO] finished tweaking git repo https://github.com/Tko1/Rustenstein3d
[INFO] tweaked toml for git repo https://github.com/Tko1/Rustenstein3d written to /workspace/builds/worker-3/source/Cargo.toml
[INFO] crate git repo https://github.com/Tko1/Rustenstein3d already has a lockfile, it will not be regenerated
[INFO] running `Command { std: "/workspace/cargo-home/bin/cargo" "+af3c6e733a40e671550e0f0f5aeecaa13772ba56" "fetch" "--locked" "--manifest-path" "Cargo.toml", kill_on_drop: false }`
[INFO] [stderr]     Blocking waiting for file lock on package cache
[INFO] [stderr]     Updating crates.io index
[INFO] [stderr] error: the lock file /workspace/builds/worker-3/source/Cargo.lock needs to be updated but --locked was passed to prevent this
[INFO] [stderr] If you want to try to generate the lock file without accessing the network, use the --offline flag.
[INFO] the lockfile is outdated, regenerating it
[INFO] running `Command { std: "/workspace/cargo-home/bin/cargo" "+af3c6e733a40e671550e0f0f5aeecaa13772ba56" "generate-lockfile" "--manifest-path" "Cargo.toml" "-Zno-index-update", kill_on_drop: false }`
[INFO] [stderr]     Blocking waiting for file lock on package cache
[INFO] running `Command { std: "/workspace/cargo-home/bin/cargo" "+af3c6e733a40e671550e0f0f5aeecaa13772ba56" "fetch" "--locked" "--manifest-path" "Cargo.toml", kill_on_drop: false }`
[INFO] [stderr]     Blocking waiting for file lock on package cache
[INFO] running `Command { std: "docker" "create" "-v" "/var/lib/crater-agent-workspace/builds/worker-3/target:/opt/rustwide/target:rw,Z" "-v" "/var/lib/crater-agent-workspace/builds/worker-3/source:/opt/rustwide/workdir:ro,Z" "-v" "/var/lib/crater-agent-workspace/cargo-home:/opt/rustwide/cargo-home:ro,Z" "-v" "/var/lib/crater-agent-workspace/rustup-home:/opt/rustwide/rustup-home:ro,Z" "-e" "SOURCE_DIR=/opt/rustwide/workdir" "-e" "CARGO_TARGET_DIR=/opt/rustwide/target" "-e" "CARGO_HOME=/opt/rustwide/cargo-home" "-e" "RUSTUP_HOME=/opt/rustwide/rustup-home" "-w" "/opt/rustwide/workdir" "-m" "1610612736" "--user" "0:0" "--network" "none" "rustops/crates-build-env@sha256:d92eaeed33fa75130ca1ee6c8a01d1ffb62bac859dfdfb3450e3e5d1c0146529" "/opt/rustwide/cargo-home/bin/cargo" "+af3c6e733a40e671550e0f0f5aeecaa13772ba56" "metadata" "--no-deps" "--format-version=1", kill_on_drop: false }`
[INFO] [stdout] 7161bea506f155b5fe04bc4e0e51262a1c42e3aede6b63b85e65de635b132714
[INFO] [stderr] WARNING: Your kernel does not support swap limit capabilities or the cgroup is not mounted. Memory limited without swap.
[INFO] running `Command { std: "docker" "start" "-a" "7161bea506f155b5fe04bc4e0e51262a1c42e3aede6b63b85e65de635b132714", kill_on_drop: false }`
[INFO] running `Command { std: "docker" "inspect" "7161bea506f155b5fe04bc4e0e51262a1c42e3aede6b63b85e65de635b132714", kill_on_drop: false }`
[INFO] running `Command { std: "docker" "rm" "-f" "7161bea506f155b5fe04bc4e0e51262a1c42e3aede6b63b85e65de635b132714", kill_on_drop: false }`
[INFO] [stdout] 7161bea506f155b5fe04bc4e0e51262a1c42e3aede6b63b85e65de635b132714
[INFO] running `Command { std: "docker" "create" "-v" "/var/lib/crater-agent-workspace/builds/worker-3/target:/opt/rustwide/target:rw,Z" "-v" "/var/lib/crater-agent-workspace/builds/worker-3/source:/opt/rustwide/workdir:ro,Z" "-v" "/var/lib/crater-agent-workspace/cargo-home:/opt/rustwide/cargo-home:ro,Z" "-v" "/var/lib/crater-agent-workspace/rustup-home:/opt/rustwide/rustup-home:ro,Z" "-e" "SOURCE_DIR=/opt/rustwide/workdir" "-e" "CARGO_TARGET_DIR=/opt/rustwide/target" "-e" "CARGO_INCREMENTAL=0" "-e" "RUST_BACKTRACE=full" "-e" "RUSTFLAGS=--cap-lints=forbid" "-e" "CARGO_HOME=/opt/rustwide/cargo-home" "-e" "RUSTUP_HOME=/opt/rustwide/rustup-home" "-w" "/opt/rustwide/workdir" "-m" "1610612736" "--user" "0:0" "--network" "none" "rustops/crates-build-env@sha256:d92eaeed33fa75130ca1ee6c8a01d1ffb62bac859dfdfb3450e3e5d1c0146529" "/opt/rustwide/cargo-home/bin/cargo" "+af3c6e733a40e671550e0f0f5aeecaa13772ba56" "check" "--frozen" "--all" "--all-targets" "--message-format=json", kill_on_drop: false }`
[INFO] [stdout] df17a0f6b4ad97e038adf8643fc19e26cafaae4b8d7eb62e85ef8ddef1a93c35
[INFO] [stderr] WARNING: Your kernel does not support swap limit capabilities or the cgroup is not mounted. Memory limited without swap.
[INFO] running `Command { std: "docker" "start" "-a" "df17a0f6b4ad97e038adf8643fc19e26cafaae4b8d7eb62e85ef8ddef1a93c35", kill_on_drop: false }`
[INFO] [stderr]    Compiling autocfg v1.0.1
[INFO] [stderr]    Compiling libc v0.2.77
[INFO] [stderr]    Compiling log v0.4.11
[INFO] [stderr]    Compiling byteorder v1.3.4
[INFO] [stderr]    Compiling cfg-if v0.1.10
[INFO] [stderr]     Checking scopeguard v1.1.0
[INFO] [stderr]    Compiling semver-parser v0.7.0
[INFO] [stderr]    Compiling proc-macro2 v1.0.21
[INFO] [stderr]     Checking same-file v1.0.6
[INFO] [stderr]    Compiling unicode-xid v0.2.1
[INFO] [stderr]     Checking slab v0.4.2
[INFO] [stderr]    Compiling serde v1.0.116
[INFO] [stderr]    Compiling serde_derive v1.0.116
[INFO] [stderr]    Compiling rayon-core v1.8.0
[INFO] [stderr]    Compiling cc v1.0.59
[INFO] [stderr]     Checking percent-encoding v2.1.0
[INFO] [stderr]     Checking adler32 v1.2.0
[INFO] [stderr]     Checking piston-graphics_api_version v1.0.0
[INFO] [stderr]    Compiling getrandom v0.1.15
[INFO] [stderr]     Checking smallvec v1.4.2
[INFO] [stderr]    Compiling crc32fast v1.2.0
[INFO] [stderr]     Checking either v1.6.0
[INFO] [stderr]     Checking instant v0.1.6
[INFO] [stderr]     Checking bytemuck v1.4.1
[INFO] [stderr]     Checking ppv-lite86 v0.2.9
[INFO] [stderr]     Checking read_color v1.0.0
[INFO] [stderr]     Checking piston-shaders_graphics2d v0.3.1
[INFO] [stderr]    Compiling x11-dl v2.18.5
[INFO] [stderr]     Checking lock_api v0.3.4
[INFO] [stderr]     Checking walkdir v2.3.1
[INFO] [stderr]     Checking miniz_oxide v0.3.7
[INFO] [stderr]     Checking shader_version v0.7.0
[INFO] [stderr]    Compiling semver v0.9.0
[INFO] [stderr]     Checking libloading v0.6.3
[INFO] [stderr]    Compiling wayland-scanner v0.23.6
[INFO] [stderr]    Compiling wayland-scanner v0.21.13
[INFO] [stderr]     Checking dlib v0.4.2
[INFO] [stderr]    Compiling rustc_version v0.2.3
[INFO] [stderr]    Compiling num-traits v0.2.12
[INFO] [stderr]    Compiling memoffset v0.5.5
[INFO] [stderr]    Compiling crossbeam-utils v0.7.2
[INFO] [stderr]    Compiling crossbeam-epoch v0.8.2
[INFO] [stderr]    Compiling num-integer v0.1.43
[INFO] [stderr]    Compiling num-bigint v0.3.0
[INFO] [stderr]    Compiling rayon v1.4.0
[INFO] [stderr]    Compiling num-iter v0.1.41
[INFO] [stderr]    Compiling num-rational v0.3.0
[INFO] [stderr]    Compiling miniz_oxide v0.4.2
[INFO] [stderr]     Checking wayland-sys v0.21.13
[INFO] [stderr]     Checking wayland-sys v0.23.6
[INFO] [stderr]    Compiling gl_generator v0.14.0
[INFO] [stderr]    Compiling gl_generator v0.10.0
[INFO] [stderr]    Compiling parking_lot_core v0.6.2
[INFO] [stderr]    Compiling parking_lot v0.9.0
[INFO] [stderr]    Compiling quote v1.0.7
[INFO] [stderr]     Checking nix v0.14.1
[INFO] [stderr]     Checking net2 v0.2.35
[INFO] [stderr]     Checking iovec v0.1.4
[INFO] [stderr]     Checking memmap v0.7.0
[INFO] [stderr]     Checking raw-window-handle v0.3.3
[INFO] [stderr]     Checking num_cpus v1.13.0
[INFO] [stderr]     Checking shared_library v0.1.9
[INFO] [stderr]     Checking parking_lot_core v0.7.2
[INFO] [stderr]    Compiling syn v1.0.40
[INFO] [stderr]     Checking stb_truetype v0.3.1
[INFO] [stderr]     Checking deflate v0.8.6
[INFO] [stderr]     Checking tiff v0.5.0
[INFO] [stderr]     Checking mio v0.6.22
[INFO] [stderr]     Checking osmesa-sys v0.1.2
[INFO] [stderr]     Checking parking_lot v0.10.2
[INFO] [stderr]     Checking rand_core v0.5.1
[INFO] [stderr]     Checking crossbeam-channel v0.4.4
[INFO] [stderr]     Checking backtrace v0.3.50
[INFO] [stderr]    Compiling libloading v0.5.2
[INFO] [stderr]     Checking ordered-float v1.1.0
[INFO] [stderr]     Checking approx v0.3.2
[INFO] [stderr]     Checking line_drawing v0.7.0
[INFO] [stderr]     Checking num-complex v0.3.0
[INFO] [stderr]     Checking float-cmp v0.8.0
[INFO] [stderr]     Checking png v0.16.7
[INFO] [stderr]     Checking rand_chacha v0.2.2
[INFO] [stderr]     Checking crossbeam-deque v0.7.3
[INFO] [stderr]    Compiling gl v0.11.0
[INFO] [stderr]     Checking rusttype v0.8.3
[INFO] [stderr]     Checking mio-extras v2.0.6
[INFO] [stderr]    Compiling glutin_glx_sys v0.1.7
[INFO] [stderr]    Compiling glutin_egl_sys v0.1.5
[INFO] [stderr]    Compiling glium v0.27.0
[INFO] [stderr]     Checking rand v0.7.3
[INFO] [stderr]     Checking rusttype v0.7.9
[INFO] [stderr]     Checking piston2d-graphics v0.37.0
[INFO] [stderr]    Compiling wayland-client v0.21.13
[INFO] [stderr]    Compiling wayland-protocols v0.21.13
[INFO] [stderr]     Checking andrew v0.2.1
[INFO] [stderr]    Compiling wayland-client v0.23.6
[INFO] [stderr]    Compiling wayland-protocols v0.23.6
[INFO] [stderr]     Checking wayland-commons v0.21.13
[INFO] [stderr]     Checking wayland-commons v0.23.6
[INFO] [stderr]     Checking calloop v0.4.4
[INFO] [stderr]     Checking num v0.3.0
[INFO] [stderr]     Checking jpeg-decoder v0.1.20
[INFO] [stderr]     Checking image v0.23.9
[INFO] [stderr]     Checking smithay-client-toolkit v0.4.6
[INFO] [stderr]     Checking piston2d-opengl_graphics v0.74.0
[INFO] [stderr]     Checking winit v0.19.5
[INFO] [stderr]     Checking smithay-client-toolkit v0.6.6
[INFO] [stderr]     Checking pistoncore-input v1.0.0
[INFO] [stderr]     Checking winit v0.22.2
[INFO] [stderr]     Checking glutin v0.21.2
[INFO] [stderr]     Checking pistoncore-window v0.47.0
[INFO] [stderr]     Checking pistoncore-event_loop v0.52.0
[INFO] [stderr]     Checking pistoncore-glutin_window v0.66.0
[INFO] [stderr]     Checking piston v0.52.0
[INFO] [stderr]     Checking glutin v0.24.1
[INFO] [stderr]     Checking wolfenstein v0.1.0 (/opt/rustwide/workdir)
[INFO] [stdout] warning: unused import: `num::Integer`
[INFO] [stdout]  --> src/math.rs:5:5
[INFO] [stdout]   |
[INFO] [stdout] 5 | use num::Integer;
[INFO] [stdout]   |     ^^^^^^^^^^^^
[INFO] [stdout]   |
[INFO] [stdout]   = note: `#[warn(unused_imports)]` on by default
[INFO] [stdout] 
[INFO] [stdout] 
[INFO] [stdout] warning: unused import: `math::Vec2`
[INFO] [stdout]  --> src/main.rs:4:5
[INFO] [stdout]   |
[INFO] [stdout] 4 | use math::Vec2;
[INFO] [stdout]   |     ^^^^^^^^^^
[INFO] [stdout] 
[INFO] [stdout] 
[INFO] [stdout] warning: unused import: `math::Vec2f`
[INFO] [stdout]  --> src/main.rs:5:5
[INFO] [stdout]   |
[INFO] [stdout] 5 | use math::Vec2f;
[INFO] [stdout]   |     ^^^^^^^^^^^
[INFO] [stdout] 
[INFO] [stdout] 
[INFO] [stdout] warning: unused import: `math::Angle`
[INFO] [stdout]  --> src/main.rs:6:5
[INFO] [stdout]   |
[INFO] [stdout] 6 | use math::Angle;
[INFO] [stdout]   |     ^^^^^^^^^^^
[INFO] [stdout] 
[INFO] [stdout] 
[INFO] [stdout] warning: unused import: `rand::Rng`
[INFO] [stdout]  --> src/raycasting.rs:4:5
[INFO] [stdout]   |
[INFO] [stdout] 4 | use rand::Rng;
[INFO] [stdout]   |     ^^^^^^^^^
[INFO] [stdout] 
[INFO] [stdout] 
[INFO] [stdout] warning: unused import: `num::Integer`
[INFO] [stdout]  --> src/math.rs:5:5
[INFO] [stdout]   |
[INFO] [stdout] 5 | use num::Integer;
[INFO] [stdout]   |     ^^^^^^^^^^^^
[INFO] [stdout]   |
[INFO] [stdout]   = note: `#[warn(unused_imports)]` on by default
[INFO] [stdout] 
[INFO] [stdout] 
[INFO] [stdout] warning: unused import: `math::Vec2`
[INFO] [stdout]  --> src/main.rs:4:5
[INFO] [stdout]   |
[INFO] [stdout] 4 | use math::Vec2;
[INFO] [stdout]   |     ^^^^^^^^^^
[INFO] [stdout] 
[INFO] [stdout] 
[INFO] [stdout] warning: unused import: `math::Vec2f`
[INFO] [stdout]  --> src/main.rs:5:5
[INFO] [stdout]   |
[INFO] [stdout] 5 | use math::Vec2f;
[INFO] [stdout]   |     ^^^^^^^^^^^
[INFO] [stdout] 
[INFO] [stdout] 
[INFO] [stdout] warning: unused import: `math::Angle`
[INFO] [stdout]  --> src/main.rs:6:5
[INFO] [stdout]   |
[INFO] [stdout] 6 | use math::Angle;
[INFO] [stdout]   |     ^^^^^^^^^^^
[INFO] [stdout] 
[INFO] [stdout] 
[INFO] [stdout] warning: unused import: `rand::Rng`
[INFO] [stdout]  --> src/raycasting.rs:4:5
[INFO] [stdout]   |
[INFO] [stdout] 4 | use rand::Rng;
[INFO] [stdout]   |     ^^^^^^^^^
[INFO] [stdout] 
[INFO] [stdout] 
[INFO] [stdout] error[E0308]: mismatched types
[INFO] [stdout]   --> src/main.rs:57:10
[INFO] [stdout]    |
[INFO] [stdout] 57 |         let (rotate_origin_by,_,_) = ray_ang_and_lengths[ray_ang_and_lengths.len() - 1];
[INFO] [stdout]    |             ^^^^^^^^^^^^^^^^^^^^^^   -------------------------------------------------- this expression has type `(Angle, f32)`
[INFO] [stdout]    |             |
[INFO] [stdout]    |             expected a tuple with 2 elements, found one with 3 elements
[INFO] [stdout]    |
[INFO] [stdout]    = note: expected tuple `(Angle, f32)`
[INFO] [stdout]               found tuple `(_, _, _)`
[INFO] [stdout] 
[INFO] [stdout] 
[INFO] [stdout] error[E0308]: mismatched types
[INFO] [stdout]   --> src/main.rs:58:10
[INFO] [stdout]    |
[INFO] [stdout] 58 |         for (ray_angle,ray_length,color) in ray_ang_and_lengths.iter() {
[INFO] [stdout]    |             ^^^^^^^^^^^^^^^^^^^^^^^^^^^^    -------------------------- this expression has type `&(Angle, f32)`
[INFO] [stdout]    |             |
[INFO] [stdout]    |             expected a tuple with 2 elements, found one with 3 elements
[INFO] [stdout]    |
[INFO] [stdout]    = note: expected tuple `(Angle, f32)`
[INFO] [stdout]               found tuple `(_, _, _)`
[INFO] [stdout] 
[INFO] [stdout] 
[INFO] [stdout] error[E0308]: mismatched types
[INFO] [stdout]   --> src/main.rs:57:10
[INFO] [stdout]    |
[INFO] [stdout] 57 |         let (rotate_origin_by,_,_) = ray_ang_and_lengths[ray_ang_and_lengths.len() - 1];
[INFO] [stdout]    |             ^^^^^^^^^^^^^^^^^^^^^^   -------------------------------------------------- this expression has type `(Angle, f32)`
[INFO] [stdout]    |             |
[INFO] [stdout]    |             expected a tuple with 2 elements, found one with 3 elements
[INFO] [stdout]    |
[INFO] [stdout]    = note: expected tuple `(Angle, f32)`
[INFO] [stdout]               found tuple `(_, _, _)`
[INFO] [stdout] 
[INFO] [stdout] 
[INFO] [stdout] error[E0308]: mismatched types
[INFO] [stdout]   --> src/main.rs:58:10
[INFO] [stdout]    |
[INFO] [stdout] 58 |         for (ray_angle,ray_length,color) in ray_ang_and_lengths.iter() {
[INFO] [stdout]    |             ^^^^^^^^^^^^^^^^^^^^^^^^^^^^    -------------------------- this expression has type `&(Angle, f32)`
[INFO] [stdout]    |             |
[INFO] [stdout]    |             expected a tuple with 2 elements, found one with 3 elements
[INFO] [stdout]    |
[INFO] [stdout]    = note: expected tuple `(Angle, f32)`
[INFO] [stdout]               found tuple `(_, _, _)`
[INFO] [stdout] 
[INFO] [stdout] 
[INFO] [stdout] error[E0308]: mismatched types
[INFO] [stdout]   --> src/main.rs:75:10
[INFO] [stdout]    |
[INFO] [stdout] 75 |         for (ray_angle,ray_length,color) in ray_ang_and_lengths.iter() {
[INFO] [stdout]    |             ^^^^^^^^^^^^^^^^^^^^^^^^^^^^    -------------------------- this expression has type `&(Angle, f32)`
[INFO] [stdout]    |             |
[INFO] [stdout]    |             expected a tuple with 2 elements, found one with 3 elements
[INFO] [stdout]    |
[INFO] [stdout]    = note: expected tuple `(Angle, f32)`
[INFO] [stdout]               found tuple `(_, _, _)`
[INFO] [stdout] 
[INFO] [stdout] 
[INFO] [stdout] error[E0308]: mismatched types
[INFO] [stdout]   --> src/main.rs:75:10
[INFO] [stdout]    |
[INFO] [stdout] 75 |         for (ray_angle,ray_length,color) in ray_ang_and_lengths.iter() {
[INFO] [stdout]    |             ^^^^^^^^^^^^^^^^^^^^^^^^^^^^    -------------------------- this expression has type `&(Angle, f32)`
[INFO] [stdout]    |             |
[INFO] [stdout]    |             expected a tuple with 2 elements, found one with 3 elements
[INFO] [stdout]    |
[INFO] [stdout]    = note: expected tuple `(Angle, f32)`
[INFO] [stdout]               found tuple `(_, _, _)`
[INFO] [stdout] 
[INFO] [stdout] 
[INFO] [stdout] warning: unused import: `num::Float`
[INFO] [stdout]  --> src/math.rs:6:5
[INFO] [stdout]   |
[INFO] [stdout] 6 | use num::Float;
[INFO] [stdout]   |     ^^^^^^^^^^
[INFO] [stdout] 
[INFO] [stdout] 
[INFO] [stdout] error: aborting due to 3 previous errors; 6 warnings emitted
[INFO] [stdout] 
[INFO] [stdout] 
[INFO] [stdout] For more information about this error, try `rustc --explain E0308`.
[INFO] [stdout] 
[INFO] [stderr] error: could not compile `wolfenstein`.
[INFO] [stderr] 
[INFO] [stderr] To learn more, run the command again with --verbose.
[INFO] [stderr] warning: build failed, waiting for other jobs to finish...
[INFO] [stdout] warning: unused import: `num::Float`
[INFO] [stdout]  --> src/math.rs:6:5
[INFO] [stdout]   |
[INFO] [stdout] 6 | use num::Float;
[INFO] [stdout]   |     ^^^^^^^^^^
[INFO] [stdout] 
[INFO] [stdout] 
[INFO] [stdout] error: aborting due to 3 previous errors; 6 warnings emitted
[INFO] [stdout] 
[INFO] [stdout] 
[INFO] [stdout] For more information about this error, try `rustc --explain E0308`.
[INFO] [stdout] 
[INFO] [stderr] error: build failed
[INFO] running `Command { std: "docker" "inspect" "df17a0f6b4ad97e038adf8643fc19e26cafaae4b8d7eb62e85ef8ddef1a93c35", kill_on_drop: false }`
[INFO] running `Command { std: "docker" "rm" "-f" "df17a0f6b4ad97e038adf8643fc19e26cafaae4b8d7eb62e85ef8ddef1a93c35", kill_on_drop: false }`
[INFO] [stdout] df17a0f6b4ad97e038adf8643fc19e26cafaae4b8d7eb62e85ef8ddef1a93c35
